 38 = -c*z. What is the highest common factor of z and 36?
9
Let t(w) = 3*w**2 + 2*w - 1. Let i be t(1). Suppose -2*k + i*k = 40. What is the greatest common divisor of k and 30?
10
Let y(o) = 3*o - 20. Let g be y(9). Suppose -2*x = -g*x + 90. What is the highest common factor of x and 9?
9
Let n be (-12)/(-8)*44/2. Calculate the greatest common divisor of 11 and n.
11
Suppose 2*c + 2*m - 2 = 0, m = 4*c - m + 20. Let h be (13/c)/((-1)/33). What is the greatest common divisor of h and 13?
13
Let t = -20 - -17. Let j be t*((-320)/(-12))/(-5). Calculate the highest common factor of 112 and j.
16
Let a(z) = 70*z + 24. Let g be a(3). Calculate the highest common factor of 26 and g.
26
Let i(p) = 8*p - 2. Let l be i(2). Calculate the greatest common divisor of l and 21.
7
Let m(y) = -y - 2. Let l be m(3). Let u = -4 - l. Let h be (-184)/(-4) + -1*u. Calculate the highest common factor of 9 and h.
9
Suppose 0 = 2*m - m - 7. Let t be 1*4/(-2) + m. Let w = 35 - 25. Calculate the greatest common divisor of w and t.
5
Let j = -51 - -96. What is the highest common divisor of 5 and j?
5
Let h(f) = -3*f - 3. Let a be h(-2). Suppose 84 + 32 = -4*n. Let o = 41 + n. What is the greatest common divisor of o and a?
3
Suppose -t + 39 = -96. Let l be (-2 - (-1)/2)*-10. Calculate the highest common factor of l and t.
15
Let w be (-6)/(-8) + 14/(-8). Let z = w + 6. Calculate the highest common factor of 35 and z.
5
Suppose 6*q + 8 = 7*q. Suppose 5*b - 224 = b. Calculate the highest common factor of q and b.
8
Suppose 2*w + 4*n - 248 = 0, -3*n - 203 = -w - 59. Suppose -10*b + 6*b = -5*f + 72, 5*b - 21 = -3*f. Calculate the highest common factor of f and w.
12
Let g(b) = -2*b**3 + b**2 + 2*b + 1. Let x be g(-1). What is the greatest common divisor of 10 and x?
2
Let p(d) = -d**2 - 5*d - 3. Let n be p(-3). Let q be 4/(-6)*(-525)/5. Suppose -146 = -n*s + q. What is the highest common factor of 24 and s?
24
Suppose -j + 121 = 56. Suppose 0*l - 2*l + 26 = 0. Calculate the greatest common factor of j and l.
13
Let a(b) = -b + 15. Let p be a(8). Calculate the greatest common divisor of p and 7.
7
Suppose 0*r = 3*r. Suppose -n - 2*n = r. Suppose 5*q = -n*q + 20. What is the highest common divisor of 20 and q?
4
Let p be ((-2)/(-4))/((-2)/(-1588)). Suppose 3*c + 142 - p = -2*n, -2*n + 260 = 4*c. What is the highest common divisor of 12 and n?
12
Let z be ((-77)/4)/(-7)*(15 - 3). Calculate the highest common divisor of 11 and z.
11
Let r = 9 + -8. Let u be -3*r - (-4 - 120). Calculate the highest common divisor of 11 and u.
11
Let l be ((-40)/(-4))/5*(0 - -1). What is the greatest common factor of 2 and l?
2
Suppose -3 = 2*s - 0*m + 5*m, 1 = -3*s - 4*m. Let w be s - -6 - 0/2. Let g = -142 - -143. Calculate the highest common factor of w and g.
1
Let s(i) = -8*i**3 + i**2 + 4*i + 3. Let d be s(-2). Let v(r) = -r**2 + 9*r - 9. Let u be v(6). Calculate the greatest common divisor of d and u.
9
Suppose 2*j + 2*j - 648 = 0. Suppose -k - 4*r + 81 = r, -5*r = 2*k - j. What is the highest common factor of k and 9?
9
Let f(g) = -g**2 + 6*g + 4. Let n be f(6). Let w = 9 + -5. Calculate the greatest common factor of w and n.
4
Let r = 2 - -3. Let h = 31 - 16. Calculate the highest common divisor of r and h.
5
Let a = 23 - -42. Suppose 3*b - 11 = -z, 3*z + b + b - 68 = 0. What is the highest common divisor of a and z?
13
Suppose 0*f - f + 4 = 0. Suppose 408 = f*p - 112. Calculate the highest common factor of 13 and p.
13
Suppose 3*r - 1301 = 1258. Suppose -3*m = m - 5*s - r, 5*s = 3*m - 646. Calculate the highest common divisor of m and 23.
23
Suppose 24 = 7*c - 3*c. Suppose c = 2*t - 0. Suppose -a - 88 = -t*a. Calculate the highest common factor of a and 4.
4
Let x = 22 + -8. What is the greatest common factor of 7 and x?
7
Let k(c) = c**3 - 2*c**2 + 3*c - 6. Let m be k(3). What is the highest common divisor of m and 84?
12
Let k = -3 + 2. Let j be (-6)/(-4)*(k + 17). What is the greatest common factor of 24 and j?
24
Suppose 4*o + 245 = 11*o. Suppose 2*a - 4*x = 18, 2*a + 25 = 3*a + 2*x. Let p = -10 + a. What is the greatest common factor of p and o?
7
Let s = 466 - 319. What is the greatest common factor of 21 and s?
21
Let r be 1 + 3 + 1 + -2. Let i(d) = -2*d + 5 + 2*d**3 + 0*d - 3*d**2 - 2 + 1. Let s be i(r). Calculate the greatest common factor of s and 10.
5
Let r(h) = 2*h**2 + 10*h + 7. Let k be r(-7). What is the highest common divisor of k and 14?
7
Let m be (1 - -3)*(1 + 2). Calculate the greatest common divisor of 3 and m.
3
Let u(k) = k**3 + 9*k**2 - 7*k - 3. Let n be u(-9). Calculate the highest common divisor of 24 and n.
12
Let f(g) = -52*g - 1 - 16*g - 66*g. Let v be f(-1). Suppose -l + 6 = -13. Calculate the highest common divisor of v and l.
19
Let n(q) = q**3 - 7*q**2 + 8*q - 5. Suppose 4*s - s = 21. Let i be n(s). Calculate the highest common factor of 34 and i.
17
Let s(i) = -i + 13. Let a be s(9). What is the highest common factor of a and 16?
4
Let n = 266 - 149. Calculate the greatest common divisor of 13 and n.
13
Suppose -3*y + 954 = -8*z + 5*z, 4*y = -2*z + 1254. Calculate the highest common divisor of y and 35.
35
Suppose -3*b = 4*x - 14, 2*b - 5*x + 0*x = 17. Let y be (-30)/(-8)*16/b. Suppose 0 = -3*f + 129 - 9. Calculate the highest common divisor of y and f.
10
Let a(w) = -w**2 + 11*w + 10. Let d be a(7). Suppose -d = -5*h + 17. Calculate the greatest common factor of h and 11.
11
Let c be 4/((-4)/(-15)) + -2. Suppose 4*o - 44 = 8. Calculate the highest common factor of o and c.
13
Let j(p) = p**3 + 9*p**2 + 8*p - 1. Let i be j(-7). What is the highest common factor of i and 205?
41
Let x(z) = z**3 + 6*z**2 + 3*z + 3. Let o be x(-5). Let h(y) = -2*y - 19. Let r be h(-16). What is the highest common divisor of r and o?
13
Suppose 8*p - 9*p + 22 = 0. Calculate the greatest common factor of p and 176.
22
Suppose 3*u + t - 165 = 6*t, 0 = -5*u - 4*t + 275. Calculate the highest common divisor of 11 and u.
11
Let r = 32 - 11. What is the greatest common divisor of 63 and r?
21
Suppose -3*w - 5*r + 275 = 2*w, 0 = w - r - 65. Let o be 146*1*(-15)/(-30). Suppose 4*s - o = 23. What is the highest common divisor of w and s?
12
Let n(c) = -2*c + 5*c + 8*c**3 - 4*c - 2*c**2 - 24*c**3. Let z be n(-1). What is the highest common factor of 120 and z?
15
Let l = 25 + -9. Let d = l - 14. Calculate the highest common factor of 10 and d.
2
Let c(q) = -q**2 - 20*q + 1. Let m be c(-11). What is the greatest common factor of 25 and m?
25
Let q be (-8)/(-10)*(-270)/(-4). Suppose 58*z + 675 = 63*z. Calculate the greatest common divisor of q and z.
27
Suppose -330 = -7*i + 2*i. What is the greatest common divisor of i and 165?
33
Let x be (-30)/(-42) + 4/14. What is the highest common divisor of x and 1?
1
Suppose -4*j - 9 = 11, 3*j + 31 = 4*a. Suppose -a = -0*c + c. Let v = c + 8. What is the highest common divisor of 4 and v?
4
Let d be (-3)/(-6) - (-10)/4. Let l be (1/d)/(1/9). Suppose -4 = l*v - 22. What is the highest common factor of v and 48?
6
Let w be 54/((-9)/30*-5). What is the greatest common factor of 12 and w?
12
Suppose -5*m = -c - 0*c - 23, 5*m = -4*c + 33. Let z(h) = -4*h**c + 3 - h**3 - 1 - 2*h + 0*h. Let x be z(-4). Calculate the greatest common factor of x and 5.
5
Let r = -5 + 9. Let n be r/(-18) - 29/(-9). Let j = 19 + 8. Calculate the highest common factor of j and n.
3
Suppose 5*u - 6 + 1 = 0. Suppose -5*c - 2*s - 90 = 0, 5*c - 4*s + 60 = -0*s. Let b = -11 - c. What is the greatest common divisor of u and b?
1
Suppose 0 = -3*h - 2*z + 5, -2*h - 4*z = -0 - 6. Let i(u) = 11*u**3 + u**2 - 1. Let x be i(h). What is the greatest common factor of 110 and x?
11
Suppose -2*v + 6 + 6 = -4*d, -4*v = 0. Let k = 30 - d. Calculate the greatest common divisor of k and 3.
3
Suppose -3*o + 6*u - 2*u - 8 = 0, -10 = -5*o - 5*u. Suppose 4*w = -2*d - o*d + 46, 3*w = -6. What is the greatest common divisor of 18 and d?
9
Let p be (-2)/(-6) - 92/(-12). What is the greatest common divisor of p and 12?
4
Let i(c) = 4*c + 4. Let w be i(3). Let h = -10 + 16. Let k(q) = -q**2 + 12*q - 4. Let l be k(h). What is the greatest common divisor of w and l?
16
Let i be (-1)/(-3) - (130/(-6) - -2). Calculate the highest common divisor of 5 and i.
5
Suppose 4 = 2*c - 0. Suppose -12 = -3*t, 